{"id":58,"date":"2025-03-06T06:17:31","date_gmt":"2025-03-06T06:17:31","guid":{"rendered":"https:\/\/redactacontext.com\/?page_id=58"},"modified":"2025-03-18T19:49:43","modified_gmt":"2025-03-18T19:49:43","slug":"inicio","status":"publish","type":"page","link":"https:\/\/redactacontext.com\/?page_id=58&lang=es","title":{"rendered":"Quien soy"},"content":{"rendered":"\n<figure class=\"wp-block-image size-full\"><img loading=\"lazy\" decoding=\"async\" width=\"1584\" height=\"274\" src=\"https:\/\/redactacontext.com\/wp-content\/uploads\/2025\/03\/Definitiu-Banner.jpg\" alt=\"\" class=\"wp-image-103\" srcset=\"https:\/\/redactacontext.com\/wp-content\/uploads\/2025\/03\/Definitiu-Banner.jpg 1584w, https:\/\/redactacontext.com\/wp-content\/uploads\/2025\/03\/Definitiu-Banner-300x52.jpg 300w, https:\/\/redactacontext.com\/wp-content\/uploads\/2025\/03\/Definitiu-Banner-1024x177.jpg 1024w, https:\/\/redactacontext.com\/wp-content\/uploads\/2025\/03\/Definitiu-Banner-768x133.jpg 768w, https:\/\/redactacontext.com\/wp-content\/uploads\/2025\/03\/Definitiu-Banner-1536x266.jpg 1536w\" sizes=\"auto, (max-width: 1584px) 100vw, 1584px\" \/><\/figure>\n\n\n\n<h1><span class=\"titols\">\u00bfQui\u00e9n soy?<\/span><\/h1>\n\n\n\n<p class=\"cos\">Mi nombre es Bernat Cervell\u00f3, t\u00e9cnico superior en Gesti\u00f3n Comercial y\nMarketing, t\u00e9cnico superior en Prevenci\u00f3n de Riesgos Laborales y graduado en\nMarketing e Investigaci\u00f3n de Mercados.<br\/><br\/>\nSi bien en el pasado he podido trabajar por diversas empresas, tanto peque\u00f1as\ncomo multinacionales, adoptando roles diversos como t\u00e9cnico de marketing y\nproducto, he disfrutado especialmente en el aprendizaje y la especializaci\u00f3n en\nla redacci\u00f3n profesional como fuente de comunicaci\u00f3n de marca, de captaci\u00f3n\ny fidelizaci\u00f3n de clientes.<br\/><br\/>\nMi bagaje profesional, tanto dentro como fuera del sector del marketing ha\nhecho que conozca en profundidad a sectores como son el de la log\u00edstica, el\ndel transporte, el mundo de la autoescuela y la ense\u00f1anza, el de la seguridad\nlaboral as\u00ed como el de los negocios enfocados en el e-commerce.<br\/><br\/>\nAdem\u00e1s, por inter\u00e9s personal y ocio, conozco de primera mano el diversificado\nmundo del deporte, las actividades deportivas y profesionales de monta\u00f1a, la\nfotograf\u00eda y videograf\u00eda, los drones, las ciencias sociales y naturales, entre\notros.<br\/><br\/>\nEste bagaje de conocimiento de entornos variados sumado a las ganas de\naprendizaje, curiosidad y profundizaci\u00f3n en las cosas, hace que sea alguien\nque se adapte a cada servicio personalizado utilizando el lenguaje y las\nnecesidades de cada sector con naturalidad y profundidad, aplicando en cada\ncaso las t\u00e9cnicas de redacci\u00f3n, copywriting y posicionamiento SEO necesarias\npara cumplir con los objetivos.<\/p>\n<br\/><br\/>\n\n\n\n<p id=\"serveis\"><h1><span class=\"titols\">\u00bfQu\u00e9 servicios ofrezco?<\/span><\/h1><\/p>\n\n\n\n<p class=\"cos\">\n<b>Redacci\u00f3n de contenidos<\/b><br\/><br\/>\n\u2713 Redacci\u00f3n de art\u00edculos y posts para blogs (SEO On-Page)<br\/>\n\u2713 Redacci\u00f3n de posts para plataformas de redes sociales<br\/><br\/>\n<b>Copywriting<\/b><br\/><br\/>\n\u2713 Copywriting para p\u00e1ginas web y e-commerce<br\/>\n\u2713 Copywriting de fichas de producto y Servicios<br\/>\n\u2713 Copywriting para lanzamiento de producto<br\/>\n\u2713 Redacci\u00f3n para campa\u00f1as de email marketing y creaci\u00f3n de Newsletters\n<\/p>\n<br\/><br\/>\n\n\n\n<p><\/p>\n","protected":false},"excerpt":{"rendered":"<p>\u00bfQui\u00e9n soy? Mi nombre es Bernat Cervell\u00f3, t\u00e9cnico superior en Gesti\u00f3n Comercial y Marketing, t\u00e9cnico superior en Prevenci\u00f3n de Riesgos [&hellip;]<\/p>\n","protected":false},"author":1,"featured_media":0,"parent":0,"menu_order":0,"comment_status":"closed","ping_status":"closed","template":"","meta":{"site-sidebar-layout":"default","site-content-layout":"","ast-site-content-layout":"","site-content-style":"default","site-sidebar-style":"default","ast-global-header-display":"","ast-banner-title-visibility":"","ast-main-header-display":"","ast-hfb-above-header-display":"","ast-hfb-below-header-display":"","ast-hfb-mobile-header-display":"","site-post-title":"disabled","ast-breadcrumbs-content":"","ast-featured-img":"","footer-sml-layout":"","theme-transparent-header-meta":"","adv-header-id-meta":"","stick-header-meta":"","header-above-stick-meta":"","header-main-stick-meta":"","header-below-stick-meta":"","astra-migrate-meta-layouts":"default","ast-page-background-enabled":"default","ast-page-background-meta":{"desktop":{"background-color":"var(--ast-global-color-5)","background-image":"","background-repeat":"repeat","background-position":"center center","background-size":"auto","background-attachment":"scroll","background-type":"","background-media":"","overlay-type":"","overlay-color":"","overlay-opacity":"","overlay-gradient":""},"tablet":{"background-color":"","background-image":"","background-repeat":"repeat","background-position":"center center","background-size":"auto","background-attachment":"scroll","background-type":"","background-media":"","overlay-type":"","overlay-color":"","overlay-opacity":"","overlay-gradient":""},"mobile":{"background-color":"","background-image":"","background-repeat":"repeat","background-position":"center center","background-size":"auto","background-attachment":"scroll","background-type":"","background-media":"","overlay-type":"","overlay-color":"","overlay-opacity":"","overlay-gradient":""}},"ast-content-background-meta":{"desktop":{"background-color":"var(--ast-global-color-4)","background-image":"","background-repeat":"repeat","background-position":"center center","background-size":"auto","background-attachment":"scroll","background-type":"","background-media":"","overlay-type":"","overlay-color":"","overlay-opacity":"","overlay-gradient":""},"tablet":{"background-color":"var(--ast-global-color-4)","background-image":"","background-repeat":"repeat","background-position":"center center","background-size":"auto","background-attachment":"scroll","background-type":"","background-media":"","overlay-type":"","overlay-color":"","overlay-opacity":"","overlay-gradient":""},"mobile":{"background-color":"var(--ast-global-color-4)","background-image":"","background-repeat":"repeat","background-position":"center center","background-size":"auto","background-attachment":"scroll","background-type":"","background-media":"","overlay-type":"","overlay-color":"","overlay-opacity":"","overlay-gradient":""}},"footnotes":""},"class_list":["post-58","page","type-page","status-publish","hentry"],"_links":{"self":[{"href":"https:\/\/redactacontext.com\/index.php?rest_route=\/wp\/v2\/pages\/58","targetHints":{"allow":["GET"]}}],"collection":[{"href":"https:\/\/redactacontext.com\/index.php?rest_route=\/wp\/v2\/pages"}],"about":[{"href":"https:\/\/redactacontext.com\/index.php?rest_route=\/wp\/v2\/types\/page"}],"author":[{"embeddable":true,"href":"https:\/\/redactacontext.com\/index.php?rest_route=\/wp\/v2\/users\/1"}],"replies":[{"embeddable":true,"href":"https:\/\/redactacontext.com\/index.php?rest_route=%2Fwp%2Fv2%2Fcomments&post=58"}],"version-history":[{"count":3,"href":"https:\/\/redactacontext.com\/index.php?rest_route=\/wp\/v2\/pages\/58\/revisions"}],"predecessor-version":[{"id":188,"href":"https:\/\/redactacontext.com\/index.php?rest_route=\/wp\/v2\/pages\/58\/revisions\/188"}],"wp:attachment":[{"href":"https:\/\/redactacontext.com\/index.php?rest_route=%2Fwp%2Fv2%2Fmedia&parent=58"}],"curies":[{"name":"wp","href":"https:\/\/api.w.org\/{rel}","templated":true}]}}